{"id":2,"date":"2025-01-13T19:34:50","date_gmt":"2025-01-13T19:34:50","guid":{"rendered":"https:\/\/ivanka.je\/?page_id=2"},"modified":"2025-03-11T10:31:28","modified_gmt":"2025-03-11T10:31:28","slug":"sample-page","status":"publish","type":"page","link":"https:\/\/ivanka.je\/","title":{"rendered":""},"content":{"rendered":"\n<p class=\"has-base-color has-text-color has-link-color wp-elements-9474bb11440b3a26fb5cfb8b4a9203b2\"><br><br><\/p>\n\n\n\n<div class=\"wp-block-buttons is-content-justification-center is-layout-flex wp-container-core-buttons-is-layout-a89b3969 wp-block-buttons-is-layout-flex\"><\/div>\n\n\n\n<div class=\"wp-block-progress-bars-progress-bar-block\"><div class=\"eb-parent-wrapper eb-parent-eb-progressbar-lek7b \"><div class=\"eb-progressbar-wrapper eb-progressbar-lek7b\"><div class=\"eb-progressbar-line-container center\"><div class=\"eb-progressbar eb-progressbar-line\" data-layout=\"line\" data-count=\"100\" data-duration=\"1000\"><span class=\"eb-progressbar-count-wrap\"><span class=\"eb-progressbar-count\">100<\/span><span class=\"postfix\">%<\/span><\/span><span class=\"eb-progressbar-line-fill\"><\/span><\/div><\/div><\/div><\/div><\/div>\n\n\n\n<div class=\"wp-block-columns is-not-stacked-on-mobile is-layout-flex wp-container-core-columns-is-layout-28f84493 wp-block-columns-is-layout-flex\">\n<div class=\"wp-block-column is-layout-flow wp-block-column-is-layout-flow\">\n<p><strong>96.615\u20ac<\/strong><\/p>\n<\/div>\n\n\n\n<div class=\"wp-block-column is-layout-flow wp-block-column-is-layout-flow\">\n<p class=\"has-text-align-right\"><strong>96.615\u20ac<\/strong><\/p>\n<\/div>\n<\/div>\n\n\n\n<p class=\"has-base-color has-text-color has-link-color wp-elements-93bce5c405dbd3827ae0a662cc721a35\"><\/p>\n\n\n\n<div class=\"wp-block-columns is-layout-flex wp-container-core-columns-is-layout-28f84493 wp-block-columns-is-layout-flex\">\n<div class=\"wp-block-column is-layout-flow wp-block-column-is-layout-flow\">\n<p style=\"color: rgb(221, 42, 42)!important;\"><strong>+ 30.650\u20ac<\/strong><\/p>\n<\/div>\n\n\n\n<div class=\"wp-block-column is-layout-flow wp-block-column-is-layout-flow\">\n<p class=\"has-text-align-right\"><\/p>\n<\/div>\n<\/div>\n\n\n\n<p class=\"has-base-color has-text-color has-link-color wp-elements-548f61471091a6bc9743210c6a87c530\"><br><\/p>\n\n\n\n<h2 class=\"wp-block-heading\">Velika hvala!<\/h2>\n\n\n\n<p class=\"has-medium-font-size\"><em>Samo v tednu dni ste darovali znesek, ki je bil potreben za popla\u010dilo kredita za hi\u0161o dru\u017eine Ivanke Kr\u017ei\u0161nik.<\/em><\/p>\n\n\n\n<p class=\"has-medium-font-size\"><em>Ker je bilo \u017ee na dan, ko je bil cilj dose\u017een, zbrano nekaj tiso\u010d EUR sredstev ve\u010d, se je dru\u017eina Kr\u017ei\u0161nik odlo\u010dila, da bo mo\u017eno darovati \u0161e nekaj dni. Celoten dodatno zbrani znesek (30.650\u20ac) je namenila \u0161iritvi paliativne oskrbe v doma\u010di, Poljanski dolini.<\/em><\/p>\n\n\n\n<p class=\"has-medium-font-size\"><em>Ivanka je v \u010dasu svoje bolezni zasnovala svoj zadnji projekt. \u017delela je, da bi se zdravnikom, ki \u017ee skrbijo za neozdravljivo bolne v njeni doma\u010di dolini, pridru\u017eili \u0161e drugi strokovnjaki in prostovoljci, ki bi poskrbeli za \u0161ir\u0161e potrebe: vsakdanjo nego, socialno podporo, duhovno oskrbo, psiholo\u0161ko pomo\u010d, svetovanje pri prehrani, pomo\u010d dru\u017eini pri gospodinjskih opravilih \u2026<\/em><\/p>\n\n\n\n<p class=\"has-medium-font-size\"><em>Vedela je, da sama tega ne bo mogla ve\u010d uresni\u010diti, zato je svojo vizijo zaupala drugim.<\/em><\/p>\n\n\n\n<p class=\"has-medium-font-size\"><em>Ivanka je bila po dobroti in predanosti mnogih prijateljev  dele\u017ena najbolj\u0161e mo\u017ene paliativne oskrbe.<\/em> <em>\u017delja njenih najbli\u017ejih je, da bi tako pomo\u010d in podporo lahko izkusili tudi drugi. Zbrana sredstva bodo pri tem v veliko pomo\u010d.<\/em><\/p>\n\n\n\n<p class=\"has-medium-font-size\"><em>V marcu 2025 smo v Poljanah nad \u0160kofjo Loko v sodelovanju z Dru\u0161tvom Palias in ob podpori sklada Ivanke Kr\u017ei\u0161nik za\u010deli s temeljim izobra\u017eevanjem &#8220;Paliativna osrba in prostovoljstvo&#8221;.<\/em><\/p>\n\n\n\n<p class=\"has-medium-font-size\"><em>\u0160ir\u0161i javnosti bodo informacije o dejavnostih v za\u010detni fazi dostopne na <a href=\"https:\/\/www.facebook.com\/stefan.krzisnik.5\">Facebook strani <\/a>Ivankinega mo\u017ea \u0160tefana.<\/em><\/p>\n\n\n\n<p class=\"has-medium-font-size\"><\/p>\n\n\n\n<p><\/p>\n\n\n\n<div class=\"wp-block-buttons is-content-justification-center is-layout-flex wp-container-core-buttons-is-layout-a89b3969 wp-block-buttons-is-layout-flex\"><\/div>\n\n\n\n<p><br><\/p>\n\n\n\n<h2 class=\"wp-block-heading\">Povabilo<\/h2>\n\n\n\n<p>Ivanko sem spoznal leta 1998, ko sem kot novoma\u0161nik pri\u0161el za kaplana v \u0160kofjo Loko. Odnose z desetinami mladih, med katerimi je bila tudi Ivanka, sem kot mlad in zaletav kaplan do\u017eivljal intenzivno in globoko.<\/p>\n\n\n\n<p>Mladi so me u\u010dili zavezanosti evangeliju. \u017diveli smo iskrene in plemenite odnose ter tako gradili odprto Cerkev. Vedno znova smo iskali nove na\u010dine evangelizacije.<\/p>\n\n\n\n<p>Mladi so me presenetili s svojo delavnostjo, po\u017ertvovalnostjo in potrpe\u017eljivostjo v zahtevnih situacijah. V teh lastnostih je na poseben na\u010din izstopala Ivanka, ki je bila prva voditeljica oratorija v \u0160kofji Loki.<\/p>\n\n\n\n<p>Najintenzivneje sem v odnosu z Ivanko rastel prav prva tri leta<br>svojega duhovni\u0161kega poslanstva. Pozneje, po odhodu iz<br>\u0160kofje Loke, sva tesneje sodelovala s \u0160tefanom, saj sva bila<br>sodelavca pri Skupnosti katoli\u0161ke mladine.<\/p>\n\n\n\n<p>Pri \u0160tefanovem delu z animatorji in zlasti pri vodenju Sti\u010dne<br>mladih se je zelo prepoznala Ivankina podpora (v tistem \u010dasu sta postala fant in dekle).<\/p>\n\n\n\n<p>Ivanka je bila pri Sti\u010dni kot vodja tehni\u010dne ekipe \u0160tefanova prva pomo\u010d. Nevidna za mno\u017eice je z \u017eenskim \u010dutom pustila mo\u010dan pe\u010dat v \u0160tefanovi zavzetosti. S tem je pomagala ustvarjati neprecenljive spomine tako za animatorje Sti\u010dne kot za mlade, ki so na sre\u010danju v Sti\u010dni srkali Bo\u017ejega Duha.<\/p>\n\n\n\n<p>Koliko ljudi v\u00e9 za Ivanko in \u0160tefana samo zato, ker svojega \u017eivljenja nista skrivala pred svetom! Po poroki sta sodelovala pri Iskreni.net in \u0161e drugih dru\u017ebenih pobudah.<\/p>\n\n\n\n<p>\u00bbZastonj ste prejeli, zastonj dajajte.\u00ab (Mt 10,8) In zastonjskega pri Ivanki in \u0160tefanu nikoli ni zmanjkalo, kot kruha in rib pri Jezusovi pomno\u017eitvi. Vsi smo jedli in se nasitili!<\/p>\n\n\n\n<p>Zdaj je nastopil trenutek, da uresni\u010dimo Jezusovo povabilo: \u00bbZastonj dajajte\u00ab oziroma \u00bbVi jim dajte jesti\u00ab. Ker smo mnogo prejeli, smo izzvani, da mnogo damo. Ker nam je mar.<\/p>\n\n\n\n<p>Resni\u010dna mo\u010d u\u010dlove\u010dene Bo\u017eje ljubezni se uresni\u010duje \u010disto<br>konkretno z duhovnimi in telesnimi deli usmiljenja. Dale\u010d od<br>tega, da denar re\u0161i in pozdravi vse stiske in bole\u010dine. Najprej je<br>tu dar navzo\u010dnosti in izraz pozornosti, da mi je mar zate.<\/p>\n\n\n\n<p>Hvala Ivanka, za tvoj \u010dudovit zgled Bo\u017eje razsipnosti. Prav<br>zaradi te tvoje \u017eivljenjske velikodu\u0161nosti in pripravljenosti slu\u017eiti<br>vsakemu \u010dloveku, bo sedaj Gospod pokazal svojo mo\u010d in<br>pozidal hi\u0161o \u2013 dom, ki sta ga s \u0160tefanom postavila kot varno<br>zavetje za svojo dru\u017eino in ga izro\u010dila v varstvo svete dru\u017eine in<br>svetega Jo\u017eefa.<br><br>Na poroki Ivanke in \u0160tefana (8. oktobra 2005) sem prebiral<br>odlomek iz Lukovega evangelija:<\/p>\n\n\n\n<blockquote class=\"wp-block-quote is-layout-flow wp-block-quote-is-layout-flow\">\n<p>\u00bbSilila sta ga in govorila:&nbsp;&#8216;Ostani z nama, kajti proti ve\u010deru gre in dan se je \u017ee nagnil.&#8217; Ko je s\u00e9del z njima za mizo, je vzel kruh, blagoslovil, ga razlomil in jima ga dal.&nbsp;Tedaj so se jima odprle o\u010di in sta ga spoznala.\u00ab<\/p>\n<\/blockquote>\n\n\n\n<p>Dobrih 19 let po poroki mi je Ivanka ob zadnjem sre\u010danju 10.<br>decembra 2024, dr\u017ee\u010d me za roke in v molitvi izro\u010dila popotnico:<\/p>\n\n\n\n<blockquote class=\"wp-block-quote is-layout-flow wp-block-quote-is-layout-flow\">\n<p>\u00bbPred \u010dasom mi je nekdo po SMS-u poslal sliko mon\u0161trance.<br>Ve\u0161, takoj sem jo prepoznala, da je iz \u0160kofje Loke. Veliko smo<br>skupaj delali, nikoli pa ne brez Jezusa. Pred Njega bi lahko \u0161li<br>ve\u010dkrat.\u00ab<\/p>\n<\/blockquote>\n\n\n\n<p>Jezusa moram vsak dan \u00bbsiliti\u00ab, da ostane v mojem domu, v<br>mojem \u017eivljenju, da mi odpira o\u010di, da prepoznam, da je on tisti,<br>ki daje mo\u010d, \u017eivljenje in zida hi\u0161e.<\/p>\n\n\n\n<p>\u017de pred tem sre\u010danjem sem v septembru 2024 Ivanki omenil, da<br>\u017eelim po njeni smrti pomagati pri popla\u010dilu kredita za hi\u0161o in jo povabil, da premisli in se s \u0160tefanom posvetuje ter mi javi, \u010de ji je prav, da tako storim.<\/p>\n\n\n\n<p>V soboto, 14. septembra, mi je Ivanka poslala SMS:<\/p>\n\n\n\n<blockquote class=\"wp-block-quote is-layout-flow wp-block-quote-is-layout-flow\">\n<p>\u00bbDober ve\u010der. Sprejmem pomo\u010d. Vse dobro in naj bo blagoslovljeno. Ivanka\u00ab<\/p>\n<\/blockquote>\n\n\n\n<p>Zato vabim vse, ki ste zastonj zajemali iz studenca Ivankinega<br>\u017eivljenja, da pomagate in donirate za popla\u010dilo kredita za hi\u0161o<br>njene dru\u017eine.<\/p>\n\n\n\n<blockquote class=\"wp-block-quote is-layout-flow wp-block-quote-is-layout-flow\">\n<p>\u00bbNaj Gospod pozida dom, v katerem bo prebival<br>in bo slavljeno Njegovo ime na veke.\u00ab<\/p>\n<\/blockquote>\n\n\n\n<p><strong>Gregor Kunej<\/strong><br><br><\/p>\n\n\n\n<p class=\"has-medium-font-size\"><em>Ivanki so raka odkrili le tri mesece po selitvi v novo, nedokon\u010dano hi\u0161o, za katero sta skupaj s \u0160tefanom delala in var\u010devala dvajset let. Kredit za hi\u0161o sta ob odkritju bolezni odpla\u010devala \u0161ele leto in pol. Ob Ivankini smrti je \u0160tefanu ostalo za pla\u010dilo \u0161e 96.615 EUR kredita.<\/em><\/p>\n\n\n\n<p class=\"has-medium-font-size\"><em>Hvala vsem, ki ste ob pogrebu dru\u017eini izrekli so\u017ealje in ob tem darovali \u017ee 13.295 EUR.<\/em><\/p>\n\n\n\n<p><br><\/p>\n\n\n\n<p class=\"has-medium-font-size\"><\/p>\n\n\n\n<figure class=\"wp-block-embed is-type-video is-provider-youtube wp-block-embed-youtube wp-embed-aspect-16-9 wp-has-aspect-ratio\"><div class=\"wp-block-embed__wrapper\">\n<iframe loading=\"lazy\" title=\"Pridiga pogrebna ma\u0161a Ivanka Kr\u017ei\u0161nik\" width=\"500\" height=\"281\" src=\"https:\/\/www.youtube.com\/embed\/Dma2Y4RMjKE?feature=oembed\" frameborder=\"0\" allow=\"accelerometer; autoplay; clipboard-write; encrypted-media; gyroscope; picture-in-picture; web-share\" referrerpolicy=\"strict-origin-when-cross-origin\" allowfullscreen><\/iframe>\n<\/div><\/figure>\n\n\n\n<ul class=\"wp-block-social-links is-layout-flex wp-block-social-links-is-layout-flex\"><\/ul>\n\n\n\n<p class=\"has-medium-font-size\"><br><\/p>\n\n\n\n<p class=\"has-text-align-center\">Zbiranje donacij je omogo\u010dila<\/p>\n\n\n\n<figure class=\"wp-block-image aligncenter size-full is-resized\"><img loading=\"lazy\" decoding=\"async\" width=\"660\" height=\"600\" src=\"https:\/\/ivanka.je\/wp-content\/uploads\/2025\/01\/logo_skl.jpg\" alt=\"\" class=\"wp-image-71\" style=\"width:267px;height:auto\" srcset=\"https:\/\/ivanka.je\/wp-content\/uploads\/2025\/01\/logo_skl.jpg 660w, https:\/\/ivanka.je\/wp-content\/uploads\/2025\/01\/logo_skl-300x273.jpg 300w\" sizes=\"auto, (max-width: 660px) 100vw, 660px\" \/><\/figure>\n\n\n\n<p><\/p>\n","protected":false},"excerpt":{"rendered":"<p>96.615\u20ac 96.615\u20ac + 30.650\u20ac Velika hvala! Samo v tednu dni ste darovali znesek, ki je bil potreben za popla\u010dilo kredita za hi\u0161o dru\u017eine Ivanke Kr\u017ei\u0161nik. Ker je bilo \u017ee na dan, ko je bil cilj dose\u017een, zbrano nekaj tiso\u010d EUR sredstev ve\u010d, se je dru\u017eina Kr\u017ei\u0161nik odlo\u010dila, da bo mo\u017eno darovati \u0161e nekaj dni. Celoten [&hellip;]<\/p>\n","protected":false},"author":1,"featured_media":24,"parent":0,"menu_order":0,"comment_status":"closed","ping_status":"open","template":"","meta":{"_eb_attr":"","footnotes":""},"class_list":["post-2","page","type-page","status-publish","has-post-thumbnail","hentry"],"_links":{"self":[{"href":"https:\/\/ivanka.je\/index.php?rest_route=\/wp\/v2\/pages\/2","targetHints":{"allow":["GET"]}}],"collection":[{"href":"https:\/\/ivanka.je\/index.php?rest_route=\/wp\/v2\/pages"}],"about":[{"href":"https:\/\/ivanka.je\/index.php?rest_route=\/wp\/v2\/types\/page"}],"author":[{"embeddable":true,"href":"https:\/\/ivanka.je\/index.php?rest_route=\/wp\/v2\/users\/1"}],"replies":[{"embeddable":true,"href":"https:\/\/ivanka.je\/index.php?rest_route=%2Fwp%2Fv2%2Fcomments&post=2"}],"version-history":[{"count":185,"href":"https:\/\/ivanka.je\/index.php?rest_route=\/wp\/v2\/pages\/2\/revisions"}],"predecessor-version":[{"id":338,"href":"https:\/\/ivanka.je\/index.php?rest_route=\/wp\/v2\/pages\/2\/revisions\/338"}],"wp:featuredmedia":[{"embeddable":true,"href":"https:\/\/ivanka.je\/index.php?rest_route=\/wp\/v2\/media\/24"}],"wp:attachment":[{"href":"https:\/\/ivanka.je\/index.php?rest_route=%2Fwp%2Fv2%2Fmedia&parent=2"}],"curies":[{"name":"wp","href":"https:\/\/api.w.org\/{rel}","templated":true}]}}